of 485 and 873?
97
What is the highest common factor of 189925 and 142?
71
Calculate the highest common divisor of 19532 and 176816.
1028
Calculate the greatest common factor of 136359 and 4578.
327
What is the greatest common divisor of 61764 and 48?
12
Calculate the greatest common divisor of 575 and 30650.
25
What is the greatest common divisor of 3825 and 40050?
225
What is the highest common divisor of 168 and 92652?
84
Calculate the greatest common divisor of 62784 and 28224.
576
Calculate the greatest common divisor of 310 and 378355.
155
Calculate the greatest common factor of 72243 and 1413.
9
What is the greatest common divisor of 389882 and 302?
302
Calculate the highest common divisor of 52676 and 1924.
52
Calculate the highest common divisor of 6314 and 56210.
154
What is the highest common divisor of 13860 and 790?
10
What is the greatest common divisor of 14162 and 28518?
194
What is the greatest common factor of 22666 and 28?
14
What is the highest common divisor of 15820 and 3220?
140
Calculate the greatest common divisor of 521181 and 162.
27
Calculate the greatest common factor of 150 and 39450.
150
What is the highest common factor of 7701 and 561?
51
What is the highest common factor of 350166 and 816?
102
Calculate the greatest common factor of 50 and 215.
5
Calculate the highest common factor of 7157 and 15113.
17
Calculate the highest common factor of 758 and 172.
2
What is the highest common divisor of 38 and 6?
2
Calculate the highest common divisor of 337460 and 1692.
188
What is the greatest common divisor of 77265 and 360?
45
Calculate the greatest common factor of 100 and 4957.
1
What is the greatest common divisor of 917570 and 10?
10
Calculate the highest common factor of 868 and 10292.
124
Calculate the greatest common factor of 8109 and 27081.
153
What is the greatest common divisor of 1468 and 1641958?
734
What is the highest common factor of 1591 and 23263?
43
Calculate the highest common factor of 36 and 10329888.
12
What is the highest common factor of 230338 and 82?
82
What is the highest common divisor of 91904 and 1795?
359
Calculate the highest common divisor of 586830 and 2790.
930
Calculate the greatest common divisor of 75086 and 66.
22
Calculate the highest common factor of 28756 and 1820.
364
What is the highest common divisor of 75 and 7415?
5
What is the highest common divisor of 1620 and 87930?
90
Calculate the highest common factor of 522 and 50634.
522
Calculate the highest common divisor of 44250 and 120.
30
Calculate the highest common divisor of 23377 and 2231.
97
Calculate the highest common factor of 564 and 206518.
94
What is the highest common factor of 13431 and 484?
121
Calculate the highest common divisor of 4 and 11828.
4
What is the greatest common factor of 81221 and 2009?
287
Calculate the highest common divisor of 133 and 14791.
7
What is the highest common divisor of 1220 and 7646350?
610
What is the greatest common factor of 31 and 53971?
31
Calculate the highest common factor of 5093 and 13.
1
Calculate the highest common factor of 82600 and 168.
56
What is the highest common divisor of 280 and 12520?
40
What is the highest common factor of 54099 and 27?
9
Calculate the greatest common factor of 1168 and 237688.
584
What is the highest common factor of 193 and 65041?
193
Calculate the highest common factor of 36 and 19566.
18
Calculate the highest common divisor of 35 and 39745.
5
What is the highest common factor of 8 and 4346296?
8
What is the greatest common divisor of 180 and 2719620?
180
Calculate the greatest common divisor of 6732 and 6138.
198
Calculate the greatest common divisor of 9191 and 8099.
91
What is the greatest common factor of 105083 and 22?
11
Calculate the highest common factor of 163629 and 9.
9
What is the greatest common divisor of 3752 and 8643?
67
What is the highest common factor of 6446 and 442723?
293
Calculate the highest common factor of 7562430 and 15.
15
What is the greatest common divisor of 4624 and 2000?
16
What is the highest common divisor of 1624 and 436856?
1624
What is the greatest common divisor of 208926 and 7008?
438
Calculate the greatest common divisor of 688 and 14576.
16
What is the highest common divisor of 2738306 and 2?
2
Calculate the highest common divisor of 465 and 25730.
155
Calculate the highest common factor of 1643982 and 2.
2
Calculate the greatest common factor of 2032 and 715772.
508
Calculate the highest common factor of 240 and 18420.
60
Calculate the greatest common divisor of 1709908 and 4.
4
Calculate the greatest common factor of 876460 and 260.
260
What is the highest common factor of 4325 and 11600?
25
Calculate the greatest common factor of 236 and 101657.
59
What is the highest common factor of 780 and 51?
3
Calculate the highest common factor of 9 and 61827.
3
Calculate the greatest common factor of 50225 and 275.
25
Calculate the greatest common divisor of 18871435 and 1367.
1367
Calculate the greatest common factor of 63666 and 38514.
786
Calculate the greatest common factor of 5410016 and 16.
16
Calculate the highest common factor of 102144 and 252.
84
Calculate the highest common divisor of 3910 and 28520.
230
What is the greatest common factor of 84585 and 6?
3
What is the greatest common divisor of 28797 and 2610?
87
Calculate the highest common divisor of 470106 and 8918.
1274
Calculate the highest common divisor of 648 and 2304.
72
What is the highest common divisor of 189 and 153279?
189
Calculate the greatest common factor of 288 and 4992.
96
Calculate the greatest common divisor of 4 and 2188.
4
Calculate the greatest common factor of 2639 and 2093.
91
Calculate the greatest common factor of 3423222 and 198.
198
What is the greatest common divisor of 113413 and 69?
23
What is the greatest common factor of 12833 and 2583?
41
Calculate the greatest common divisor of 172 and 1144660.
172
Calculate the highest common divisor of 216 and 153864.
72
Calculate the highest common factor of 7748 and 364.
52
What is the greatest common factor of 166034 and 22?
22
Calculate the highest common factor of 12529 and 11055.
737
What is the greatest common divisor of 25 and 393425?
25
Calculate the highest common divisor of 108 and 245052.
108
Calculate the greatest common factor of 635 and 114427.
127
Calculate the highest common divisor of 2430 and 177930.
270
Calculate the greatest common divisor of 186640 and 15.
5
Calculate the highest common divisor of 928 and 609.
29
Calculate the greatest common divisor of 308 and 280511.
77
Calculate the greatest common factor of 10582 and 2574.
286
Calculate the highest common factor of 126585 and 36.
9
Calculate the greatest common divisor of 1788975 and 450.
225
What is the greatest common divisor of 17104 and 160?
16
Calculate the greatest common factor of 210293 and 3277.
113
Calculate the greatest common divisor of 286972 and 3324.
1108
Calculate the highest common divisor of 33376 and 1120.
224
What is the highest common divisor of 413 and 3658?
59
Calculate the greatest common factor of 811368 and 72.
72
What is the greatest common factor of 13329 and 3?
3
What is the greatest common factor of 16169 and 329061?
437
Calculate the greatest common divisor of 12 and 393676.
4
Calculate the greatest common factor of 955157 and 98.
49
Calculate the highest common divisor of 1328 and 166.
166
Calculate the highest common divisor of 5396511 and 186.
93
What is the greatest common divisor of 183087 and 27?
27
What is the highest common factor of 92 and 3900?
4
What is the highest common divisor of 17 and 29699?
17
Calculate the highest common factor of 2041 and 780.
13
What is the greatest common factor of 63270 and 36?
18
Calculate the greatest common factor of 8155 and 70.
35
What is the highest common divisor of 346 and 477480?
346
What is the greatest common factor of 207360 and 135?
135
What is the highest common divisor of 170160 and 105?
15
Calculate the highest common factor of 14 and 24941.
7
What is the greatest common divisor of 6858 and 51462?
54
Calculate the greatest common factor of 50 and 32.
2
Calculate the greatest common divisor of 3555036 and 27.
27
What is the greatest common factor of 12960 and 264?
24
What is the greatest common divisor of 